{"id":265,"date":"2021-11-02T10:56:59","date_gmt":"2021-11-02T09:56:59","guid":{"rendered":"http:\/\/strefaruchu.com\/luban\/?page_id=265"},"modified":"2024-11-12T22:58:38","modified_gmt":"2024-11-12T21:58:38","slug":"265-2","status":"publish","type":"page","link":"https:\/\/strefaruchu.com\/luban\/265-2\/","title":{"rendered":"Cennik"},"content":{"rendered":"\n<section id=\"wp-block-themeisle-blocks-advanced-columns-faf6acdf\" class=\"wp-block-themeisle-blocks-advanced-columns alignfull has-1-columns has-desktop-equal-layout has-tablet-equal-layout has-mobile-equal-layout has-vertical-center has-dark-bg\"><div class=\"wp-block-themeisle-blocks-advanced-columns-overlay\"><\/div><div class=\"innerblocks-wrap\">\n<div id=\"wp-block-themeisle-blocks-advanced-column-7ec5acd4\" class=\"wp-block-themeisle-blocks-advanced-column\">\n<h1 id=\"wp-block-themeisle-blocks-advanced-heading-13ce2b13\" class=\"wp-block-themeisle-blocks-advanced-heading wp-block-themeisle-blocks-advanced-heading-13ce2b13\">Cennik<\/h1>\n<\/div>\n<\/div><\/section>\n\n\n\n<p class=\"has-text-align-center ticss-1aab8b90\">Poni\u017cej znajduje si\u0119 cennik karnet\u00f3w w naszym klubie. Mo\u017cesz je kupi\u0107 online lub w recepcji klubu.<\/p>\n\n\n\n<div class=\"wp-block-buttons is-content-justification-center is-layout-flex wp-container-core-buttons-is-layout-16018d1d wp-block-buttons-is-layout-flex\">\n<div class=\"wp-block-button is-style-secondary\"><a class=\"wp-block-button__link wp-element-button\" href=\"https:\/\/wod.guru\/kup-karnet\/strefaruchuluban\">KUP KARNET ONLINE<\/a><\/div>\n<\/div>\n\n\n\n<figure class=\"wp-block-table is-style-regular\"><table><tbody><tr><td><strong>Karnet 12 miesi\u0119cy<\/strong> P\u0142atne z g\u00f3ry<\/td><td class=\"has-text-align-right\" data-align=\"right\"><meta charset=\"utf-8\"><strong><meta charset=\"utf-8\"><strong>1609<\/strong> z\u0142<\/strong><\/td><\/tr><tr><td><strong>Karnet 12 miesi\u0119cy<\/strong> P\u0142atne co miesi\u0105c<\/td><td class=\"has-text-align-right\" data-align=\"right\"><meta charset=\"utf-8\"><strong>159<\/strong> <strong>z\u0142<\/strong><\/td><\/tr><tr><td><strong>Karnet 6 miesi\u0119cy <\/strong> P\u0142atne z g\u00f3ry<\/td><td class=\"has-text-align-right\" data-align=\"right\"><strong>949 z\u0142<\/strong><\/td><\/tr><tr><td><strong><strong>Karnet 6 miesi\u0119cy <\/strong> <\/strong>P\u0142atne co miesi\u0105c<\/td><td class=\"has-text-align-right\" data-align=\"right\"><strong>179 z\u0142<\/strong><\/td><\/tr><tr><td><strong>Karnet 1 miesi\u0105c Senior \/ Ucze\u0144 <\/strong>**<\/td><td class=\"has-text-align-right\" data-align=\"right\"><strong>189 z\u0142<\/strong><\/td><\/tr><tr><td><strong><strong>Karnet 1 miesi\u0105c<\/strong> (bez umowy)<\/strong><\/td><td class=\"has-text-align-right\" data-align=\"right\"><strong>219 z\u0142&nbsp;<\/strong><\/td><\/tr><tr><td><strong>Karnet Weekend <\/strong>***<\/td><td class=\"has-text-align-right\" data-align=\"right\"><strong>139 z\u0142<\/strong><\/td><\/tr><tr><td><strong><meta charset=\"utf-8\"><\/meta><strong><strong>Wej\u015bcie jednorazowe<\/strong><\/strong><\/strong><\/td><td class=\"has-text-align-right\" data-align=\"right\"><strong><strong>39 z\u0142<\/strong><\/strong><\/td><\/tr><tr><td><strong><strong>Wej\u015bcie jednorazowe<\/strong> dla DZIECI****<\/strong><\/td><td class=\"has-text-align-right\" data-align=\"right\"><strong>29 z\u0142<\/strong><\/td><\/tr><\/tbody><\/table><figcaption class=\"wp-element-caption\"><br>**Karnet w przedziale wiekowym 0-18 lat i dla senior\u00f3w<br>***Karnet wst\u0119pu tylko w sobot\u0119 i niedziel\u0119 w godzinach otwarcia klubu<br>****karnet w przedziale wiekowym 0-18 lat<strong><br><\/strong><br><strong>#Osoby poni\u017cej 18r \u017cycia mog\u0105 korzysta\u0107 z klubu za pisemn\u0105 zgod\u0105 rodzica<\/strong><\/figcaption><\/figure>\n\n\n\n<p><\/p>\n\n\n\n<p><\/p>\n\n\n\n<h5 class=\"wp-block-heading has-text-align-center\"><strong>Skontaktuj si\u0119 z naszym Dzia\u0142em Opieki Klienta, a dobierzemy ofert\u0119 specjalnie dla Ciebie<\/strong><\/h5>\n\n\n\n<h2 class=\"wp-block-heading has-text-align-center\"><strong>tel. 784 524 568<\/strong><\/h2>\n\n\n\n<h5 class=\"wp-block-heading has-text-align-center\"><strong>Czekamy na Ciebie!!<\/strong><\/h5>\n","protected":false},"excerpt":{"rendered":"<p>Poni\u017cej znajduje si\u0119 cennik karnet\u00f3w w naszym klubie. Mo\u017cesz je kupi\u0107 online lub w recepcji klubu.<\/p>\n","protected":false},"author":1,"featured_media":0,"parent":0,"menu_order":0,"comment_status":"closed","ping_status":"closed","template":"","meta":{"neve_meta_sidebar":"","neve_meta_container":"","neve_meta_enable_content_width":"on","neve_meta_content_width":70,"neve_meta_title_alignment":"left","neve_meta_author_avatar":"","neve_post_elements_order":"","neve_meta_disable_header":"off","neve_meta_disable_footer":"","neve_meta_disable_title":"on","_themeisle_gutenberg_block_has_review":false,"footnotes":""},"class_list":["post-265","page","type-page","status-publish","hentry"],"_links":{"self":[{"href":"https:\/\/strefaruchu.com\/luban\/wp-json\/wp\/v2\/pages\/265","targetHints":{"allow":["GET"]}}],"collection":[{"href":"https:\/\/strefaruchu.com\/luban\/wp-json\/wp\/v2\/pages"}],"about":[{"href":"https:\/\/strefaruchu.com\/luban\/wp-json\/wp\/v2\/types\/page"}],"author":[{"embeddable":true,"href":"https:\/\/strefaruchu.com\/luban\/wp-json\/wp\/v2\/users\/1"}],"replies":[{"embeddable":true,"href":"https:\/\/strefaruchu.com\/luban\/wp-json\/wp\/v2\/comments?post=265"}],"version-history":[{"count":7,"href":"https:\/\/strefaruchu.com\/luban\/wp-json\/wp\/v2\/pages\/265\/revisions"}],"predecessor-version":[{"id":647,"href":"https:\/\/strefaruchu.com\/luban\/wp-json\/wp\/v2\/pages\/265\/revisions\/647"}],"wp:attachment":[{"href":"https:\/\/strefaruchu.com\/luban\/wp-json\/wp\/v2\/media?parent=265"}],"curies":[{"name":"wp","href":"https:\/\/api.w.org\/{rel}","templated":true}]}}