{"id":129,"date":"2020-02-14T10:59:11","date_gmt":"2020-02-14T10:59:11","guid":{"rendered":"https:\/\/demosites.io\/fitness-gb\/?page_id=129"},"modified":"2024-12-13T17:49:57","modified_gmt":"2024-12-13T16:49:57","slug":"a5213-home","status":"publish","type":"page","link":"https:\/\/strefaruchu.com\/zgorzelec\/","title":{"rendered":"Home"},"content":{"rendered":"<div class=\"wp-block-image\">\n<figure class=\"aligncenter size-large\"><a href=\"http:\/\/strefaruchu.com\/zgorzelec\/projekty-ue\/\"><img loading=\"lazy\" decoding=\"async\" width=\"1024\" height=\"131\" src=\"http:\/\/strefaruchu.com\/zgorzelec\/wp-content\/uploads\/2024\/11\/KPO_barwy-RP_NextGenerationEU_poziom_zestawienie_podstawowe_-RGB-1024x131.jpg\" alt=\"\" class=\"wp-image-589\" srcset=\"https:\/\/strefaruchu.com\/zgorzelec\/wp-content\/uploads\/2024\/11\/KPO_barwy-RP_NextGenerationEU_poziom_zestawienie_podstawowe_-RGB-1024x131.jpg 1024w, https:\/\/strefaruchu.com\/zgorzelec\/wp-content\/uploads\/2024\/11\/KPO_barwy-RP_NextGenerationEU_poziom_zestawienie_podstawowe_-RGB-300x38.jpg 300w, https:\/\/strefaruchu.com\/zgorzelec\/wp-content\/uploads\/2024\/11\/KPO_barwy-RP_NextGenerationEU_poziom_zestawienie_podstawowe_-RGB-768x98.jpg 768w, https:\/\/strefaruchu.com\/zgorzelec\/wp-content\/uploads\/2024\/11\/KPO_barwy-RP_NextGenerationEU_poziom_zestawienie_podstawowe_-RGB-1536x197.jpg 1536w, https:\/\/strefaruchu.com\/zgorzelec\/wp-content\/uploads\/2024\/11\/KPO_barwy-RP_NextGenerationEU_poziom_zestawienie_podstawowe_-RGB-2048x262.jpg 2048w\" sizes=\"auto, (max-width: 1024px) 100vw, 1024px\" \/><\/a><\/figure>\n<\/div>\n\n\n<div id=\"wp-block-themeisle-blocks-advanced-columns-e1ca32e1\" class=\"wp-block-themeisle-blocks-advanced-columns alignfull has-1-columns has-desktop-equal-layout has-tablet-equal-layout has-mobile-equal-layout has-vertical-unset\"><div class=\"wp-block-themeisle-blocks-advanced-columns-overlay\"><\/div><div class=\"innerblocks-wrap\">\n<div id=\"wp-block-themeisle-blocks-advanced-column-65b5ef21\" class=\"wp-block-themeisle-blocks-advanced-column\">\n<h1 id=\"wp-block-themeisle-blocks-advanced-heading-bb0c2df7\" class=\"wp-block-themeisle-blocks-advanced-heading wp-block-themeisle-blocks-advanced-heading-bb0c2df7\"><span class=\"highlight\">STREFA RUCHU ZGORZELEC<\/span><\/h1>\n\n\n\n<p class=\"has-text-align-center has-nv-dark-bg-color has-text-color\">Najlepsze miejsce na mapie w Zgorzelcu, przyjd\u017a i przekonaj si\u0119 sam! <\/p>\n\n\n\n<div class=\"wp-block-buttons is-horizontal is-content-justification-center is-layout-flex wp-container-core-buttons-is-layout-499968f5 wp-block-buttons-is-layout-flex\">\n<div class=\"wp-block-button is-style-secondary\"><a class=\"wp-block-button__link wp-element-button\" href=\"https:\/\/wod.guru\/grafik\/strefaruchuzgorzelec\" target=\"_blank\" rel=\"noreferrer noopener\">Zapisz si\u0119 na zaj\u0119cia grupowe<\/a><\/div>\n<\/div>\n<\/div>\n<\/div><\/div>\n\n\n\n<section id=\"wp-block-themeisle-blocks-advanced-columns-e7931e5c\" class=\"wp-block-themeisle-blocks-advanced-columns alignfull has-2-columns has-desktop-equal-layout has-tablet-equal-layout has-mobile-collapsedRows-layout has-vertical-center\"><div class=\"wp-block-themeisle-blocks-advanced-columns-overlay\"><\/div><div class=\"innerblocks-wrap\">\n<div id=\"wp-block-themeisle-blocks-advanced-column-311d4b3f\" class=\"wp-block-themeisle-blocks-advanced-column\">\n<span id=\"wp-block-themeisle-blocks-advanced-heading-4cfcfe68\" class=\"wp-block-themeisle-blocks-advanced-heading wp-block-themeisle-blocks-advanced-heading-4cfcfe68\"><strong>Witamy w Strefie Ruchu<\/strong><\/span>\n\n\n\n<h2 id=\"wp-block-themeisle-blocks-advanced-heading-9544202b\" class=\"wp-block-themeisle-blocks-advanced-heading wp-block-themeisle-blocks-advanced-heading-9544202b\">Klub z przysz\u0142o\u015bci\u0105<\/h2>\n\n\n\n<p>Wsp\u00f3lnie z ca\u0142\u0105 kadr\u0105 pracownik\u00f3w i Wami- Klubowiczami, tworzymy wyj\u0105tkowe miejsce. To proste\u2026 <strong>wyj\u0105tkowi ludzie tworz\u0105 wyj\u0105tkowe miejsca.<\/strong>&nbsp;<\/p>\n\n\n\n<p><strong>Strefa Ruchu powsta\u0142a w 2015<\/strong> roku w pa\u017adzierniku. Tworz\u0105c klub chcieli\u015bmy stworzy\u0107 miejsce, w kt\u00f3rym ka\u017cdy b\u0119dzie czu\u0142 si\u0119 komfortowo. &nbsp;<\/p>\n\n\n\n<p>Przestrze\u0144 klubu daj\u0119 du\u017ce mo\u017cliwo\u015bci, a bogaty wachlarz trening\u00f3w sprawi, \u017ce&nbsp;Twoja aktywno\u015b\u0107 nie dozna nudy.<\/p>\n\n\n\n<p>Pami\u0119taj! Nasz klub jest Twoim miejscem\u2026 <strong>Tw\u00f3j komfort jest dla Nas najwa\u017cniejszy<\/strong>.<\/p>\n\n\n\n<div class=\"wp-block-buttons is-layout-flex wp-block-buttons-is-layout-flex\">\n<div class=\"wp-block-button is-style-primary\"><a class=\"wp-block-button__link wp-element-button\" href=\"http:\/\/strefaruchu.com\/zgorzelec\/265-2\/\">Zobacz karnety<\/a><\/div>\n<\/div>\n<\/div>\n\n\n\n<div id=\"wp-block-themeisle-blocks-advanced-column-49224624\" class=\"wp-block-themeisle-blocks-advanced-column\">\n<figure class=\"wp-block-image size-large\"><img loading=\"lazy\" decoding=\"async\" width=\"600\" height=\"600\" src=\"http:\/\/strefaruchu.com\/zgorzelec\/wp-content\/uploads\/2019\/07\/neve-gym-demo-31.jpg\" alt=\"\" class=\"wp-image-120\"\/><\/figure>\n<\/div>\n<\/div><\/section>\n\n\n\n<section id=\"wp-block-themeisle-blocks-advanced-columns-152ab99c\" class=\"wp-block-themeisle-blocks-advanced-columns alignfull has-1-columns has-desktop-equal-layout has-tablet-equal-layout has-mobile-equal-layout has-vertical-flex-start has-dark-bg\"><div class=\"wp-block-themeisle-blocks-advanced-columns-overlay\"><\/div><div class=\"innerblocks-wrap\">\n<div id=\"wp-block-themeisle-blocks-advanced-column-df191a86\" class=\"wp-block-themeisle-blocks-advanced-column\">\n<section id=\"wp-block-themeisle-blocks-advanced-columns-2d0e4103\" class=\"wp-block-themeisle-blocks-advanced-columns has-1-columns has-desktop-equal-layout has-tablet-equal-layout has-mobile-equal-layout has-vertical-flex-start\"><div class=\"wp-block-themeisle-blocks-advanced-columns-overlay\"><\/div><div class=\"innerblocks-wrap\">\n<div id=\"wp-block-themeisle-blocks-advanced-column-6db8ce09\" class=\"wp-block-themeisle-blocks-advanced-column\">\n<span id=\"wp-block-themeisle-blocks-advanced-heading-bace0635\" class=\"wp-block-themeisle-blocks-advanced-heading wp-block-themeisle-blocks-advanced-heading-bace0635\"><strong>Polecane sekcje<\/strong><\/span>\n\n\n\n<h2 id=\"wp-block-themeisle-blocks-advanced-heading-6fa09ec1\" class=\"wp-block-themeisle-blocks-advanced-heading wp-block-themeisle-blocks-advanced-heading-6fa09ec1\">Zobacz, jak mo\u017cesz \u0107wiczy\u0107 w Strefie<\/h2>\n<\/div>\n<\/div><\/section>\n\n\n\n<section id=\"wp-block-themeisle-blocks-advanced-columns-3c939e4d\" class=\"wp-block-themeisle-blocks-advanced-columns has-4-columns has-desktop-equal-layout has-tablet-equal-layout has-mobile-collapsedRows-layout has-vertical-flex-start\"><div class=\"wp-block-themeisle-blocks-advanced-columns-overlay\"><\/div><div class=\"innerblocks-wrap\">\n<div id=\"wp-block-themeisle-blocks-advanced-column-9bb249cb\" class=\"wp-block-themeisle-blocks-advanced-column\">\n<figure class=\"wp-block-image size-large\"><img loading=\"lazy\" decoding=\"async\" width=\"360\" height=\"360\" src=\"http:\/\/strefaruchu.com\/zgorzelec\/wp-content\/uploads\/2019\/07\/neve-gym-demo-27.jpg\" alt=\"\" class=\"wp-image-116\"\/><\/figure>\n\n\n\n<h2 id=\"wp-block-themeisle-blocks-advanced-heading-8fcb3ec3\" class=\"wp-block-themeisle-blocks-advanced-heading wp-block-themeisle-blocks-advanced-heading-8fcb3ec3\">Strefa Cross<\/h2>\n\n\n\n<div class=\"wp-block-buttons is-horizontal is-content-justification-center is-layout-flex wp-container-core-buttons-is-layout-499968f5 wp-block-buttons-is-layout-flex\">\n<div class=\"wp-block-button is-style-secondary\"><a class=\"wp-block-button__link wp-element-button\" href=\"http:\/\/strefaruchu.com\/zgorzelec\/strefa-cross\/\">Wi\u0119cej<\/a><\/div>\n<\/div>\n<\/div>\n\n\n\n<div id=\"wp-block-themeisle-blocks-advanced-column-99d2aee5\" class=\"wp-block-themeisle-blocks-advanced-column\">\n<figure class=\"wp-block-image size-large\"><img loading=\"lazy\" decoding=\"async\" width=\"360\" height=\"360\" src=\"http:\/\/strefaruchu.com\/zgorzelec\/wp-content\/uploads\/2019\/07\/neve-gym-demo-29.jpg\" alt=\"\" class=\"wp-image-118\"\/><\/figure>\n\n\n\n<h2 id=\"wp-block-themeisle-blocks-advanced-heading-901b5c89\" class=\"wp-block-themeisle-blocks-advanced-heading wp-block-themeisle-blocks-advanced-heading-901b5c89\">Strefa Si\u0142ownia<\/h2>\n\n\n\n<div class=\"wp-block-buttons is-horizontal is-content-justification-center is-layout-flex wp-container-core-buttons-is-layout-499968f5 wp-block-buttons-is-layout-flex\">\n<div class=\"wp-block-button is-style-secondary\"><a class=\"wp-block-button__link wp-element-button\" href=\"http:\/\/strefaruchu.com\/zgorzelec\/strefa-silownia\/\">Wi\u0119cej<\/a><\/div>\n<\/div>\n<\/div>\n\n\n\n<div id=\"wp-block-themeisle-blocks-advanced-column-912f83d3\" class=\"wp-block-themeisle-blocks-advanced-column\">\n<figure class=\"wp-block-image size-full\"><img loading=\"lazy\" decoding=\"async\" width=\"610\" height=\"610\" src=\"http:\/\/strefaruchu.com\/zgorzelec\/wp-content\/uploads\/2021\/11\/fitness-edited.jpeg\" alt=\"\" class=\"wp-image-508\" srcset=\"https:\/\/strefaruchu.com\/zgorzelec\/wp-content\/uploads\/2021\/11\/fitness-edited.jpeg 610w, https:\/\/strefaruchu.com\/zgorzelec\/wp-content\/uploads\/2021\/11\/fitness-edited-300x300.jpeg 300w, https:\/\/strefaruchu.com\/zgorzelec\/wp-content\/uploads\/2021\/11\/fitness-edited-150x150.jpeg 150w\" sizes=\"auto, (max-width: 610px) 100vw, 610px\" \/><\/figure>\n\n\n\n<h2 id=\"wp-block-themeisle-blocks-advanced-heading-b51791a5\" class=\"wp-block-themeisle-blocks-advanced-heading wp-block-themeisle-blocks-advanced-heading-b51791a5\">Strefa Fitness<\/h2>\n\n\n\n<div class=\"wp-block-buttons is-horizontal is-content-justification-center is-layout-flex wp-container-core-buttons-is-layout-499968f5 wp-block-buttons-is-layout-flex\">\n<div class=\"wp-block-button is-style-secondary\"><a class=\"wp-block-button__link wp-element-button\" href=\"http:\/\/strefaruchu.com\/zgorzelec\/strefa-fitness\/\">Wi\u0119cej<\/a><\/div>\n<\/div>\n<\/div>\n\n\n\n<div id=\"wp-block-themeisle-blocks-advanced-column-5f42f9b7\" class=\"wp-block-themeisle-blocks-advanced-column\">\n<figure class=\"wp-block-image size-large is-style-default\"><img loading=\"lazy\" decoding=\"async\" width=\"1022\" height=\"1024\" src=\"http:\/\/strefaruchu.com\/zgorzelec\/wp-content\/uploads\/2021\/11\/pole-dance-edited-1022x1024.png\" alt=\"\" class=\"wp-image-506\" srcset=\"https:\/\/strefaruchu.com\/zgorzelec\/wp-content\/uploads\/2021\/11\/pole-dance-edited-1022x1024.png 1022w, https:\/\/strefaruchu.com\/zgorzelec\/wp-content\/uploads\/2021\/11\/pole-dance-edited-300x300.png 300w, https:\/\/strefaruchu.com\/zgorzelec\/wp-content\/uploads\/2021\/11\/pole-dance-edited-150x150.png 150w, https:\/\/strefaruchu.com\/zgorzelec\/wp-content\/uploads\/2021\/11\/pole-dance-edited-768x769.png 768w, https:\/\/strefaruchu.com\/zgorzelec\/wp-content\/uploads\/2021\/11\/pole-dance-edited.png 1078w\" sizes=\"auto, (max-width: 1022px) 100vw, 1022px\" \/><\/figure>\n\n\n\n<h3 class=\"wp-block-heading has-text-align-center has-nv-site-bg-color has-text-color\" id=\"pole-dance\">Pole Dance<\/h3>\n\n\n\n<div class=\"wp-block-buttons is-horizontal is-content-justification-center is-layout-flex wp-container-core-buttons-is-layout-499968f5 wp-block-buttons-is-layout-flex\">\n<div class=\"wp-block-button is-style-primary\"><a class=\"wp-block-button__link wp-element-button\" href=\"http:\/\/strefaruchu.com\/zgorzelec\/strefa-pole-dance\/\">Wi\u0119cej<\/a><\/div>\n<\/div>\n<\/div>\n<\/div><\/section>\n<\/div>\n<\/div><\/section>\n\n\n\n<div class=\"wp-block-themeisle-blocks-advanced-columns alignfull has-2-columns has-desktop-equal-layout has-tablet-equal-layout has-mobile-collapsedRows-layout has-default-gap has-vertical-center\" id=\"wp-block-themeisle-blocks-advanced-columns-d71dbe7f\"><div class=\"wp-block-themeisle-blocks-advanced-columns-overlay\"><\/div><div class=\"innerblocks-wrap\">\n<div class=\"wp-block-themeisle-blocks-advanced-column\" id=\"wp-block-themeisle-blocks-advanced-column-11f00c69\">\n<span id=\"wp-block-themeisle-blocks-advanced-heading-254febeb\" class=\"wp-block-themeisle-blocks-advanced-heading wp-block-themeisle-blocks-advanced-heading-254febeb\"><strong>STREFA RUCHU ZGORZELEC<\/strong><\/span>\n\n\n\n<h2 id=\"wp-block-themeisle-blocks-advanced-heading-ba8a9dc4\" class=\"wp-block-themeisle-blocks-advanced-heading wp-block-themeisle-blocks-advanced-heading-ba8a9dc4\">Odwied\u017a nas!<\/h2>\n\n\n\n<span id=\"wp-block-themeisle-blocks-advanced-heading-4fce5c34\" class=\"wp-block-themeisle-blocks-advanced-heading wp-block-themeisle-blocks-advanced-heading-4fce5c34\"><strong>GODZINY OTWARCIA<\/strong><\/span>\n\n\n\n<p class=\"has-white-color has-text-color\">Poniedzia\u0142ek \u2013 Pi\u0105tek: 6:00 \u2013 22:00<br>Sobota: 8:00 \u2013 20:00<br>Niedziela: 8:00 \u2013 20:00<\/p>\n\n\n\n<h3 class=\"has-neve-link-color-color has-text-color wp-block-heading\">tel. 784 524 568<\/h3>\n\n\n\n<span id=\"wp-block-themeisle-blocks-advanced-heading-f5a611fb\" class=\"wp-block-themeisle-blocks-advanced-heading wp-block-themeisle-blocks-advanced-heading-f5a611fb\"><strong>kontakt@strefaruchu.com<\/strong><\/span>\n\n\n\n<span id=\"wp-block-themeisle-blocks-advanced-heading-b4549e36\" class=\"wp-block-themeisle-blocks-advanced-heading wp-block-themeisle-blocks-advanced-heading-b4549e36\"><strong>HALA PGE TUR\u00d3W ARENA<br>ul. Luba\u0144ska 9a, Zgorzelec<\/strong><\/span>\n<\/div>\n\n\n\n<div class=\"wp-block-themeisle-blocks-advanced-column\" id=\"wp-block-themeisle-blocks-advanced-column-7abab17f\"><\/div>\n<\/div><\/div>\n\n\n\n<figure class=\"wp-block-gallery has-nested-images columns-default is-cropped wp-block-gallery-1 is-layout-flex wp-block-gallery-is-layout-flex\"><\/figure>\n\n\n<div class=\"wp-block-image\">\n<figure class=\"aligncenter size-full\"><img loading=\"lazy\" decoding=\"async\" width=\"743\" height=\"252\" src=\"http:\/\/strefaruchu.com\/zgorzelec\/wp-content\/uploads\/2024\/11\/sfinansowane-przez-UE-Znak_NextGenerationEU_Poziom_CMYK-1-pdf.jpg\" alt=\"\" class=\"wp-image-586\"\/><\/figure>\n<\/div>","protected":false},"excerpt":{"rendered":"","protected":false},"author":1,"featured_media":0,"parent":0,"menu_order":0,"comment_status":"closed","ping_status":"closed","template":"page-templates\/template-pagebuilder-full-width.php","meta":{"neve_meta_sidebar":"full-width","neve_meta_container":"","neve_meta_enable_content_width":"on","neve_meta_content_width":100,"neve_meta_title_alignment":"center","neve_meta_author_avatar":"","neve_post_elements_order":"","neve_meta_disable_header":"","neve_meta_disable_footer":"","neve_meta_disable_title":"","_themeisle_gutenberg_block_has_review":false,"_ti_tpc_template_sync":false,"_ti_tpc_template_id":"dlmh1p34r19x5r3i5v3f","footnotes":""},"class_list":["post-129","page","type-page","status-publish","hentry"],"_links":{"self":[{"href":"https:\/\/strefaruchu.com\/zgorzelec\/wp-json\/wp\/v2\/pages\/129","targetHints":{"allow":["GET"]}}],"collection":[{"href":"https:\/\/strefaruchu.com\/zgorzelec\/wp-json\/wp\/v2\/pages"}],"about":[{"href":"https:\/\/strefaruchu.com\/zgorzelec\/wp-json\/wp\/v2\/types\/page"}],"author":[{"embeddable":true,"href":"https:\/\/strefaruchu.com\/zgorzelec\/wp-json\/wp\/v2\/users\/1"}],"replies":[{"embeddable":true,"href":"https:\/\/strefaruchu.com\/zgorzelec\/wp-json\/wp\/v2\/comments?post=129"}],"version-history":[{"count":19,"href":"https:\/\/strefaruchu.com\/zgorzelec\/wp-json\/wp\/v2\/pages\/129\/revisions"}],"predecessor-version":[{"id":614,"href":"https:\/\/strefaruchu.com\/zgorzelec\/wp-json\/wp\/v2\/pages\/129\/revisions\/614"}],"wp:attachment":[{"href":"https:\/\/strefaruchu.com\/zgorzelec\/wp-json\/wp\/v2\/media?parent=129"}],"curies":[{"name":"wp","href":"https:\/\/api.w.org\/{rel}","templated":true}]}}